
8
Suppose 0 = 2*y + 599 - 6199. What is the units digit of (-4)/(-18) + y/36?
8
Let j(n) = 30*n**2 + 11*n + 0 - 2 + 6*n - 11*n. Let z be j(3). Suppose -572 = -5*g + g + 4*f, -2*g - 5*f + z = 0. What is the units digit of g?
3
Suppose 1339 = 3*k - 1040. Suppose 0 = 2*t - 2127 - k. Suppose 3*n - t = -7*n. What is the hundreds digit of n?
1
Let v(c) be the first derivative of -c**4/2 + c**2/2 + 83*c - 6. Suppose o = -5*q - 3, 2*q + 5*o + 15 = -q. What is the tens digit of v(q)?
8
Let z be 2/(-6) + 30/9. Let b = 486 + -276. Suppose z*p - 372 - b = 0. What is the hundreds digit of p?
1
Suppose 4*p + 2*r = 6, -3*p + 5*r + 15 = -9. Suppose 5*n = p*v - 1621, 257 = -3*v + n + 1882. What is the units digit of v?
2
Let b be (3317/(-62))/(2/(-2 + -58)). Suppose 0 = -7*w - 44 + b. What is the units digit of w?
3
Suppose 5*p - 1015 - 1221 = -8*p. What is the hundreds digit of p?
1
Let g(q) = 414*q**3 - 15*q**2 + 36*q + 67. What is the units digit of g(4)?
7
Let b be (-3)/5 + 1 + 204/(-60). Let m be ((1 + -4)/1)/b. What is the tens digit of (-18)/(-6)*(m - 2) + 28?
2
Let k(g) = -5*g**3 - 78*g**2 - 135*g - 9. What is the tens digit of k(-20)?
9
Let p(o) = 40*o**2 + 23*o + 512. What is the hundreds digit of p(-13)?
9
Suppose 0 = 4*d + 362 - 2490. Suppose -4*h - d = -4*x, -7*h + 3*h = x - 128. What is the tens digit of x?
3
Let h = -69690 + 100941. What is the ten thousands digit of h?
3
Let m be 1/((-30)/126235) - (-1)/(-6). What is the units digit of m/(-8)*(-2)/(-4)?
3
Suppose -3*t = 229*y - 228*y - 21066, 3*t - 2*y = 21084. What is the tens digit of t?
2
Let c(i) = i**2 - i + 4. Suppose 5*f = 4*s - 2*s + 112, -3*f + 5*s + 71 = 0. Suppose f*p = 20*p + 20. What is the tens digit of c(p)?
9
What is the ten thousands digit of (2 - (-44)/(-24)) + 1501822/84 + -5?
1
Let i = -4756 + 7377. What is the hundreds digit of i?
6
Suppose -13*v = -17*v + 2*s + 112104, 112112 = 4*v - 3*s. What is the tens digit of v?
2
Let p be 6/(-15) + (4 - 24/(-10)). Suppose -p*s - 2744 = -7844. What is the hundreds digit of s?
8
Let g(d) = 5*d + 22. Let n(p) = -p**2 + 9*p + 5. Let v be n(7). Suppose 3*c + 2*u = -u - 3, v = -c + 5*u. What is the units digit of g(c)?
2
Let j(n) = n**3 - 14*n**2 - 22*n - 36. Let c = -298 + 317. What is the hundreds digit of j(c)?
3
Suppose -12 = -2*z, 5*h - 2959 = 4*z + 3807. What is the thousands digit of h?
1
Let w = 626 - 622. Let b = -2 - -6. Suppose -w*a + b*f + 273 + 59 = 0, -2*a = 5*f - 131. What is the units digit of a?
8
Let i be 814*(-5)/((-30)/(-9)). Let x = -738 - i. Suppose -4*q - 4*y + 484 = 0, -4*q - 5*y + x = -2*y. What is the hundreds digit of q?
1
Let a(o) be the second derivative of o**5/60 + o**4/6 - 31*o**3/6 - 17*o**2 + 25*o. Let m(g) be the first derivative of a(g). What is the units digit of m(-11)?
6
Let b be ((16/6)/2)/(8/6). What is the units digit of 87/((4 + b)/35)?
9
Let p(i) = -i**3 + i**2 - i - 134. Let q be p(0). Let x be (-1)/(-6)*q*-9. Suppose -3*f = -174 - x. What is the tens digit of f?
2
Suppose 12*d + 6506 = 21530. Suppose -5*a + t = -d, 4*t = -2*a + 199 + 315. Suppose 2*i - 5*i = -5*n - 184, n = 4*i - a. What is the tens digit of i?
6
Let g = 2603 - 766. What is the hundreds digit of g?
8
Suppose -8*i - 480 = -2*i. Let r = 224 + i. What is the tens digit of r?
4
Let g = -301 - -450. Suppose 0 = 154*a - g*a - 2800. What is the units digit of a?
0
Let i be 6/(-21) + (94/(-14) - -5). Let l(o) = 10*o + 22. Let n be l(i). Suppose -f + w = -36, -f + n*f - 5*w = 40. What is the units digit of f?
5
Let t be (44 - 2)*-106*(-3)/18. Let p = -514 + t. Suppose 34 = -h + p. What is the hundreds digit of h?
1
Suppose -2*r = 4, 8*a = 9*a + 5*r - 2267. Suppose -14*i = -a - 845. What is the tens digit of i?
2
Let u(y) = -3*y + 8. Let v be u(2). What is the hundreds digit of 1440/2 + -7 + v + 2?
7
Suppose -4*s = -2*h + 2, -s = -0*h + 3*h - 38. Suppose h*a = -1252 + 3518. What is the hundreds digit of a?
2
Let l(r) be the first derivative of r**3/3 - r**2 + r + 2. Let n = 486 - 479. What is the tens digit of l(n)?
3
Let q(s) = -7 - 3*s + 5*s + 0*s + 6*s - s**2 + 3*s. What is the tens digit of q(6)?
2
Suppose 0 = -2*o + 1 + 35. Let h = o + -13. Suppose h*r + 5*x - 190 = 0, 2*r + 4*x = 57 + 29. What is the units digit of r?
3
Suppose -36*y = -30*y - 72. Let n(d) = -16*d**2 + 49*d - 50. Let u(s) = 3*s**2 - 10*s + 10. Let f(x) = 2*n(x) + 11*u(x). What is the units digit of f(y)?
0
Let n(w) = 9*w**2 - 62*w - 316. What is the thousands digit of n(-11)?
1
Suppose -17 = -4*q + p, 4*p + 11 = -14*q + 11*q. Suppose q*u - 4*d - 1486 = 0, 2*u + 2*d = -2*d + 984. What is the tens digit of u?
9
Let l(v) = 8*v**2 - 23*v + 257. What is the units digit of l(49)?
8
Suppose -4*q + 12 + 9 = 3*n, 0 = 4*q + 2*n - 18. Suppose l + 145 = q*l - 3*v, -l - 3*v + 95 = 0. Suppose -k - 13 = -l. What is the tens digit of k?
6
Suppose -86 + 28 = -2*q. Suppose -5*a = -q - 71. What is the tens digit of (-8)/(-10) - (-2304)/a?
1
Let n(p) = -2*p**3 + 10*p**2 + 12*p - 10. Let s be n(6). Let k(m) = 3*m + 28. Let t be k(s). What is the units digit of (-2 + t + 2)/(6/(-69))?
3
Suppose -29*v + 35099 - 11116 = 0. What is the units digit of v?
7
Let w = 10741 - 6390. What is the tens digit of w?
5
What is the units digit of (10 + 9 - 19) + 73762 + 3?
5
Suppose 35 = -97*x + 102*x. Let w(c) = 25*c**2 + 3*c - 22. What is the units digit of w(x)?
4
Let i(w) = -2*w**2 - 32*w - 3. Let h be i(-16). What is the units digit of (h - (-8 - -4))*1619?
9
Let i be ((-3 - 0)/9)/((-1)/3). Let g be 2/i + 4/2 + -1. Suppose 5*b - 246 = g*b + 4*j, 0 = 2*j + 2. What is the units digit of b?
1
Let l(f) = -29*f - 38. Let d be l(-24). Suppose d = 5*u - 1467. What is the hundreds digit of u?
4
Suppose -141 = 2*b + 2*x - 617, 0 = b - 4*x - 213. Suppose 4*j + b = r, 5*r - 2*j + 7*j = 1265. What is the units digit of r?
9
Let k(a) = -1 - 17 - 8*a + a - 3*a. Let s be k(-11). Let t = s - 37. What is the tens digit of t?
5
Let y = -53 - -51. Let m(n) = n**3 - 3*n**2 - 4*n + 1. Let b be m(4). What is the tens digit of -9 + 51 + b*y*1?
4
Let k = -6991 - -18046. What is the hundreds digit of k?
0
Suppose -54*r + 52*r + 34847 = -5*w, -4*r + 2*w = -69654. What is the thousands digit of r?
7
Let q(p) = -p**3 + 10*p**2 + 26*p - 429. What is the tens digit of q(-9)?
7
Let q = -21 - -32. Suppose 2*h - 808 = -3*p, -3*h + 625 = -p - 609. Suppose q*j - j = h. What is the units digit of j?
1
Suppose -5*y = 208 - 233. Suppose -4*g = 3*o - 8*o + 970, y*g + 25 = 0. What is the units digit of o?
0
Let z be ((-12)/(-15))/(51/15 - 3). Suppose 0 = y + m + z - 4, -4*m - 8 = 0. Suppose -770 = -5*f + 2*l, f - y*l - 17 = 119. What is the units digit of f?
6
Suppose -53567 = -48*v + 38209. What is the tens digit of v?
1
Let f(a) = -a**2 - 4*a. Let y(w) = -w - 117 - 3*w**2 + 127 + 2*w - 11*w. Let s be y(1). What is the units digit of f(s)?
3
What is the hundreds digit of 56946/27*(-114 - -123)?
9
Let h(g) = 9*g**2 + 4*g - 3. Let y(u) = 18*u**2 + 9*u - 6. Let z(l) = 13*h(l) - 6*y(l). What is the hundreds digit of z(-5)?
2
What is the tens digit of 118*25/40*100?
7
Let o(v) = -2*v**3 - v + 93. Let f be o(0). Let k = f + 207. What is the units digit of k?
0
Suppose -3*o + 20535 = 3*y, -5*o + 87*y - 86*y = -34219. What is the units digit of o?
4
Suppose 3*a + 963 = -t - 2*a, 4*t - 5*a + 3902 = 0. Let s = t + 1590. What is the hundreds digit of s?
6
Suppose -5*v - 3*d = -29862, 5*v - 20891 - 8979 = 5*d. What is the units digit of v?
3
Suppose -58*x + 18 = -61*x. Let p be 135/(2/x*3). Let j = -39 - p. What is the units digit of j?
6
Suppose 56*j + 61*j - 326003 = 342418. What is the hundreds digit of j?
7
Let w(s) = s**2 - 9*s - 8. Let p be w(10). Suppose 0 = 3*h - 3*u - 345, 2*h - 455 = -p*h - u. What is the tens digit of (3/6)/(((-27)/h)/(-9))?
1
Let c(w) = -2*w**3 - 3*w - 6*w + w**3 + 21 + 18*w**2. Let u be 4 - (-546)/168*4*1. What is the units digit of c(u)?
7
Suppose 0 = -u - 4, -s + 3*u + 154 + 107 = 0. Let y = -32 + s. Let l = y - 95. What is the tens digit of l?
2
Suppose 6*q - 7 - 29 = 0. Suppose c - 2*c + 2*d - q = 0, 2*c = -2*d + 18. Suppose 2*v - 106 = 3*h, 0 = -0*h - 2*h - c. What is the tens digit of v?
5
What is the tens digit of (-25244)/(-6) + (-3)/(27/(-6))?
0
Let s = 67 + 160. Let v = 7298 - 7407. Let i = s + v. What